 8?
True
Is 1316 a factor of 144665255?
False
Is 10938035 a multiple of 8?
False
Is 33 a factor of 12034143?
True
Is 11400719 a multiple of 473?
True
Is 12 a factor of 124151508?
True
Does 67 divide 78640513?
True
Does 475 divide 166766?
False
Does 4285 divide 2937843135?
True
Does 21 divide 671120349?
False
Does 55 divide 70890820?
True
Is 21302658 a multiple of 715?
False
Is 362 a factor of 9043484?
True
Is 47049165 a multiple of 87?
True
Is 3565 a factor of 1420795100?
True
Does 142 divide 1671849584?
False
Does 17 divide 1388458?
True
Is 13543461 a multiple of 9?
True
Is 78 a factor of 29106477?
False
Does 246 divide 43312482?
True
Does 1654 divide 18996190?
True
Is 183800066 a multiple of 22?
False
Is 59512750 a multiple of 1675?
True
Is 290234690 a multiple of 190?
True
Is 350741262 a multiple of 6?
True
Is 92559646 a multiple of 21?
False
Does 98 divide 279594980?
True
Is 37 a factor of 238834703?
False
Does 83 divide 403017098?
False
Does 21 divide 1138300170?
True
Is 33955175 a multiple of 157?
True
Is 143552115 a multiple of 21?
True
Is 72 a factor of 1406603487?
False
Is 673654463 a multiple of 1270?
False
Is 29 a factor of 143495264?
False
Is 350 a factor of 357620900?
True
Does 16 divide 17977515?
False
Is 951 a factor of 189882366?
True
Does 270 divide 17213493?
False
Is 433 a factor of 9306469?
True
Is 10 a factor of 59514730?
True
Is 621970702 a multiple of 237?
False
Does 42 divide 130732476?
True
Is 2721901549 a multiple of 53?
True
Is 25 a factor of 505227325?
True
Is 134210520 a multiple of 414?
True
Is 72 a factor of 82806955?
False
Is 99 a factor of 5475480813?
True
Is 273883855 a multiple of 1445?
True
Is 56635080 a multiple of 7?
False
Is 47 a factor of 356722827?
False
Is 61 a factor of 3545738245?
False
Is 28092025 a multiple of 845?
True
Is 1900800774 a multiple of 1082?
False
Is 41 a factor of 76604728?
True
Is 5 a factor of 385615870?
True
Does 2587 divide 5802641?
True
Is 200256359 a multiple of 676?
False
Is 34 a factor of 53360348?
True
Does 12 divide 42508944?
True
Does 220 divide 61809651?
False
Is 1621084076 a multiple of 3286?
False
Does 31 divide 19653693?
False
Does 89 divide 20629738?
False
Is 3246 a factor of 248135513?
False
Does 14 divide 304507575?
False
Does 120 divide 13021440?
True
Is 29707384 a multiple of 2632?
True
Is 27 a factor of 35032103?
False
Is 159 a factor of 1102427819?
False
Does 20 divide 2065628792?
False
Does 106 divide 48946030?
True
Is 1201 a factor of 26494060?
True
Does 240 divide 464759888?
False
Does 353 divide 188930967?
False
Is 8 a factor of 802073552?
True
Is 5251 a factor of 89865614?
True
Does 121 divide 15711174?
False
Is 83 a factor of 2650190?
True
Is 51 a factor of 12355983?
False
Does 961 divide 752539880?
True
Is 23261052 a multiple of 378?
False
Does 209 divide 243628792?
True
Does 3482 divide 2847779432?
False
Is 101 a factor of 212959611?
True
Is 1733207130 a multiple of 5430?
True
Is 88 a factor of 19683224?
True
Is 39 a factor of 20952048?
True
Is 874 a factor of 178164900?
True
Is 58312958 a multiple of 25?
False
Is 51343812 a multiple of 186?
True
Is 235933908 a multiple of 87?
True
Is 100 a factor of 20332686?
False
Is 254850312 a multiple of 27?
False
Is 219203394 a multiple of 7?
False
Is 7 a factor of 365327655?
True
Is 2075094708 a multiple of 6?
True
Is 3765 a factor of 27224715?
True
Is 39 a factor of 8363436666?
True
Is 1321272 a multiple of 18?
True
Is 310119606 a multiple of 16?
False
Is 2110 a factor of 1583977000?
True
Is 16 a factor of 2233141584?
True
Does 43 divide 535083185?
True
Is 657042292 a multiple of 7382?
True
Does 174 divide 406515852?
True
Is 158153871 a multiple of 510?
False
Is 3145 a factor of 29806086?
False
Is 11 a factor of 67263108?
True
Does 30 divide 177332438?
False
Is 672012474 a multiple of 21?
True
Does 84 divide 2451857763?
False
Is 107 a factor of 22136984?
False
Does 906 divide 139987872?
True
Is 109290463 a multiple of 1607?
True
Does 76 divide 695325140?
True
Does 76 divide 78534980?
True
Is 4707 a factor of 419926061?
False
Does 1296 divide 26798343?
False
Is 14 a factor of 541561554?
False
Does 254 divide 20354228?
False
Is 157 a factor of 320413457?
False
Is 56 a factor of 3846538752?
True
Does 1037 divide 110645126?
False
Is 610639650 a multiple of 2829?
True
Is 543643056 a multiple of 1398?
True
Is 71042230 a multiple of 70?
True
Is 147783230 a multiple of 10?
True
Is 1047654711 a multiple of 15?
False
Is 9459877 a multiple of 608?
False
Does 48 divide 39485088?
True
Does 76 divide 435399912?
False
Is 344 a factor of 3103647808?
True
Is 1213108800 a multiple of 100?
True
Does 3822 divide 1161253548?
True
Does 696 divide 136445526?
False
Is 262 a factor of 37024006?
True
Is 418 a factor of 664850351?
False
Is 956036928 a multiple of 336?
True
Is 214 a factor of 1180496760?
True
Is 19 a factor of 466855574?
True
Does 53 divide 423061529?
True
Is 50 a factor of 154177173?
False
Does 184 divide 192037880?
False
Is 206 a factor of 367751200?
True
Is 251140 a multiple of 145?
True
Does 67 divide 113775246?
True
Is 19 a factor of 26870940?
True
Does 537 divide 104021733?
True
Does 1241 divide 193868949?
False
Is 64964592 a multiple of 279?
True
Is 3246 a factor of 196228986?
False
Is 20560215 a multiple of 15?
True
Is 57 a factor of 4561083?
True
Is 3489 a factor of 128581289?
False
Does 52 divide 519021298?
False
Does 22 divide 10245818?
True
Is 2482782191 a multiple of 806?
False
Is 1686 a factor of 171547128?
True
Is 29708250 a multiple of 3250?
True
Is 93463678 a multiple of 1939?
True
Does 399 divide 100491741?
True
Does 105 divide 284728472?
False
Does 317 divide 157114393?
True
Is 3289647360 a multiple of 384?
True
Is 179 a factor of 24560615?
False
Is 55 a factor of 144678758?
False
Does 1824 divide 12348538?
False
Is 1356 a factor of 520911?
False
Is 4663790950 a multiple of 81?
False
Is 19 a factor of 17756794?
False
Does 7 divide 110135242?
True
Is 6015445590 a multiple of 1407?
True
Does 11 divide 2217276039?
True
Is 492 a factor of 19632000?
False
Does 2305 divide 97492280?
True
Does 96 divide 2989699488?
True
Does 9 divide 39301905?
False
Is 58 a factor of 449749588?
False
Is 10 a factor of 53179132?
False
Does 96 divide 3862522365?
False
Is 771974287 a multiple of 203?
True
Is 71024172 a multiple of 12?
True
Is 969451594 a multiple of 219?
False
Is 18 a factor of 43822638?
True
Is 285366474 a multiple of 9?
True
Is 55749078 a multiple of 957?
True
Is 24514161 a multiple of 131?
True
Does 132 divide 1408584369?
False
Does 2576 divide 192646160?
True
Is 10 a factor of 12707320?
True
Is 1752 a factor of 162347328?
True
Does 1695 divide 242212110?
True
Does 1034 divide 10745328?
True
Is 58456179 a multiple of 102?
False
Does 107 divide 124583417?
True
Does 2340 divide 3720654707?
False
Is 544 a factor of 85432480?
True
Does 431 divide 388887852?
True
Does 231 divide 3171351155?
False
Is 1039161 a multiple of 1802?
False
Does 1568 divide 53362176?
True
Is 1148391 a multiple of 27?
True
Is 189326027 a multiple of 6?
False
Is 29 a factor of 6884990?
False
Does 27 divide 42085602?
True
Is 144548586 a multiple of 493?
True
Is 214 a factor of 1387362?
True
Does 14 divide 12104057?
False
Is 201033792 a multiple of 27?
True
Is 13 a factor of 1597261172?
True
Does 5530 divide 121416680?
True
Does 15 divide 483014025?
True
Does 217 divide 1341979526?
False
Does 98 divide 1270794766?
False
Is 12 a factor of 78005147?
False
Is 3668 a factor of 952317506?
False
Is 1440 a factor of 8667360?
True
Is 71993705 a multiple of 84?
False
Is 31 a factor of 460516622?
False
Does 8 divide 32015456?
True
Is 5472 a factor of 102088546?
False
Is 11239656 a multiple of 4?
True
Does 650 divide 15394600?
True
Does 14 divide 400516018?
True
Does 156 divide 508392957?
False
Is 22 a factor of 4066480?
True
Is 711363000 a multiple of 590?
True
Is 210 a factor of 11587590?
True
Is 107175891 a multiple of 3943?
False
Does 9 divide 22039318?
False
Is 125009669 a multiple of 769?
False
Is 263630661 a multiple of 56?
False
Is 452378900 a multiple of 50?
True
Does 292 divide 93806556?
False
Is 2875970050 a multiple of 305?
True
Is 234558945 a multiple of 85?
True
Is 76 a factor of 60246713?
False
Is 64 a factor of 5708241?
False
Is 259085002